2. Calculate a(1).
-7
Let v(c) = -2*c - 5. Let l be v(-4). Let z(t) = t**3 - 2*t**2 - t - 4. What is z(l)?
2
Let i be 332/14 + 2/7. Let t(y) = 45*y**2 - 22*y**2 - i*y**2. What is t(-1)?
-1
Let s(h) = h + 14. Suppose -6*n + 3*n = 0. What is s(n)?
14
Suppose -f - 3*v = -2*v + 13, 10 = -2*v. Let h(o) = o**3 + 8*o**2 + o + 11. Let z be h(f). Let d(b) = b**3 - 2*b**2 - 3*b + 3. What is d(z)?
3
Let c(s) = 5*s**2 - s - 1. Let z be ((1 - 3)/1)/2. What is c(z)?
5
Suppose -3*t = -0*t. Let j(x) = -x**2 + x - 1. Let p(r) = -3*r**2 + 4*r - 8. Let q(w) = 4*j(w) - p(w). Calculate q(t).
4
Let m(n) = -n**3 - 5*n**2 - 6*n - 3. Suppose -3*j - 2 = -8. Suppose -3*h - 7 = v - 0*h, j = -2*h. Determine m(v).
5
Let i(u) be the first derivative of 2*u**3/3 + 3*u**2/2 + 180. Suppose -h - 4*h + 5*o = 5, -4*h - 4*o - 12 = 0. Give i(h).
2
Let o(s) = -9*s**2. Suppose 4*y + 14 = 2*b, -5*y + 4*b = -y + 24. What is o(y)?
-9
Suppose -5*z = -86 - 4. Let l = 23 - z. Let s(w) = -6*w - 4*w**2 + 1 + w**3 - 1. Determine s(l).
-5
Let c(k) = k**2 + 2*k - 2. Let x(z) = 2*z**2 - 3*z**2 + 5*z + z**3 - 4 - 5*z**2. Let f be x(5). What is c(f)?
6
Suppose 0*r - 2 = 2*r. Let q = -2 - r. Let p(l) = -3*l**3 + 2*l**2 + l. Give p(q).
4
Suppose 2*y - 3*y + 4*u - 16 = 0, 2*y - 20 = -5*u. Let b(l) be the first derivative of l**2/2 + 9*l + 2. Give b(y).
9
Let f(l) = 3*l + 1. Let y(h) = 3*h + 5. Let b(o) = -1. Let p(n) = 3*b(n) + y(n). Let w be p(7). Suppose -4*g = 5*c + w + 7, 4*c + 3*g + 23 = 0. Determine f(c).
-5
Let g(i) = i**2 + 5*i + 3. Let l = -22 + 33. Let b = -16 + l. Calculate g(b).
3
Let x = -10 - -5. Let q = -1 + 3. Let z(t) = q*t**3 + 7*t**2 - 11*t**2 - 1 + 3 + 4*t - 3*t**3. What is z(x)?
7
Let h(i) = i**2 - i - 1. Suppose -14 = -2*p - 2. Suppose 5*g + t + p = 0, -5*g + 7*t - 26 = 3*t. Give h(g).
5
Let z = -5 + 8. Let f(k) = -k**z - 2*k - k**2 + 3 - 5 + 0*k**3. Suppose -5*h + 3 = 3*a - 2, 0 = 5*h - 3*a + 25. Determine f(h).
6
Let h = 5 - -2. Let y(t) = t - 1. Calculate y(h).
6
Let b = 2 - 0. Suppose -5*a + b*u + 17 = -u, 0 = 3*a - 2*u - 11. Let r(h) = -a + h**3 + 2*h**2 + 0*h**3 + 0*h**2 + h**2 - h. Calculate r(-3).
2
Let c = -4 - -2. Let r(u) be the first derivative of -u**7/840 + u**5/120 + u**4/12 - 7*u**3/3 + 4. Let h(l) be the third derivative of r(l). What is h(c)?
8
Let x(g) = g**2 + 2*g - 3. Suppose -15 + 6 = -3*i. Suppose i*k - o = 11, -5*k + 0 + 20 = -2*o. Let n be 5 + -9 + k/2. Calculate x(n).
0
Let j(x) = x. Let q be j(3). Suppose -b - 3 = -4*p, -5*b = p - 5*p + 15. Let f(v) = -5*v - 1 + 0*v + v**2 + p*v. What is f(q)?
-7
Let w(j) be the third derivative of 5*j**4/12 - j**3/6 - 13*j**2. What is w(-1)?
-11
Let f(b) = -b + 10. Let k be f(7). Let h(p) = -2 + 9 + 2*p - 2*p + k*p. Give h(-5).
-8
Let x(j) be the third derivative of -j**6/120 + 7*j**5/60 - j**4/4 - 7*j**3/6 + 9*j**2. Give x(6).
-7
Let v(q) = -7 + 9 + 0*q - q. Determine v(3).
-1
Let h(y) be the third derivative of y**4/24 - y**3/6 - 2*y**2. Let n be (-1)/((55/(-30))/(-11)). Give h(n).
-7
Let h = -3 - -3. Let f(p) = p + 6. Give f(h).
6
Let k(y) = 0*y**2 + 6*y**2 + 2*y + 5 - 6 + 8*y**2. Give k(1).
15
Let b(x) = -x + 6. Suppose 3*m = 5*s + 2*m - 40, 0 = -2*m - 10. Calculate b(s).
-1
Suppose -2*j - 13 = -5*a, 2*a - 3*j - 3 = -0*j. Let n = a + -2. Suppose 0*r - n = -r. Let o(x) = -5*x**2 - 1. Determine o(r).
-6
Let n(q) = q**3 - 4*q**2 - 7*q + 4. Let y(i) = -i**2 + 12*i - 6. Let k be y(11). Calculate n(k).
-6
Let i(d) = d**2 + 2*d + 3. Suppose -2*y + j + 11 = 2*y, -2*y - 5*j = -33. Suppose -5*s + 24 + 41 = -y*g, -25 = 4*g + 3*s. Let b = 8 + g. Determine i(b).
3
Let m be -1 + 62*(-3)/(-6). Suppose 3 + 2 = 2*u - 3*j, -4*j = 4*u - 20. Suppose -x - m = u*x. Let i(y) = y**2 + 7*y + 5. Calculate i(x).
-1
Let d(o) be the third derivative of -o**6/120 + 7*o**5/60 - o**4/3 + o**3 + 18*o**2. What is d(6)?
-6
Let y be (8 - 4) + 1*-2. Suppose l - 17 = -5*u, u + l + 1 = y*u. Let b(g) be the second derivative of -g**5/20 + g**4/6 + g**3/3 + 3*g**2/2 - g. Determine b(u).
0
Let d(m) = -2*m + 1. Suppose -5*g - a = -57, -5*a = 3*g - 3*a - 37. Let p = g + -15. Determine d(p).
9
Suppose -s = 4*v + 2 - 3, -8 = -2*v + 2*s. Let d = 2 + v. Let c(b) = -b**3 + 5*b**2 - 3*b - 4. Determine c(d).
5
Let i(g) be the first derivative of g**3/3 - 5*g**2/2 - 5*g + 15. Determine i(6).
1
Let c be (24/(-30))/((-1)/(-5)). Let w(v) = v - 1. What is w(c)?
-5
Let a(v) = -1 - 12*v**2 + 5*v + 0 + 0*v. Let t(w) = -23*w**2 + 9*w - 2. Let g(s) = 5*a(s) - 3*t(s). What is g(1)?
8
Let v(z) be the first derivative of -z**3/3 + z**2/2 + 2. Let f(o) = -o**2 + 8*o + 5. Let y = -8 + 10. Let i(t) = y*v(t) - f(t). What is i(-6)?
-5
Let f(u) = u**3 - 7*u**2 + 7*u - 3. Let q be f(6). Let j(o) = -o**3 + 4*o**2 - o. Determine j(q).
6
Let o(i) = -4*i**3 - 2*i**2 + 2*i + 3. Let x be (-7 - -10) + (-10)/2. Give o(x).
23
Let n(i) = i**2 - i - 2. Let m(f) = -f**2 + 4*f + 7. Let h be m(5). Suppose 3*x = 2*o + 3, h*x = x + 1. What is n(o)?
-2
Let o(g) = 21*g**3 - 3*g**2 + 14*g + 3. Let n(z) = -7*z**3 + z**2 - 5*z - 1. Let d(p) = 11*n(p) + 4*o(p). Let q = 8 - 9. What is d(q)?
-8
Let h(j) = 3*j - 4. Let i be h(2). Let d(v) be the third derivative of 1/8*v**4 - 1/3*v**3 - 1/20*v**5 - 1/120*v**6 + 0*v + v**i + 0. Calculate d(-4).
2
Let y(h) = h**3 + 4*h**2 + h - 2. Let r be ((-5)/(-3))/(1/(-3)). Let b = -6 + 1. Let m be 13/b - (-2)/r. Determine y(m).
4
Let m(s) = s**2 - 2*s - 2. Let a(k) = -k**2 + 2*k + 2. Let z(p) = -5*a(p) - 6*m(p). Give z(2).
2
Let v(z) be the second derivative of -z**5/20 + z**4/4 - z**3/6 + 2*z. Let w = 2 - -1. Determine v(w).
-3
Suppose 0 = 2*q - q + 1. Let o(t) = -195*t**2 + 193*t**2 + 6*t**3 + t**3 - 2*t**3 - t. Calculate o(q).
-6
Let r be 1 + (-1 - 2/(-2)). Let s(w) = -w**2 - w - 1. Let t(n) = 3*n**3 - 3*n**2 - 5*n - 6. Let k(i) = 5*s(i) - t(i). Calculate k(r).
-4
Let h(m) = -m + 1. Let x(i) = 6*i - 9. Let v(w) = 5*h(w) + x(w). Let d(y) = 5*y - 3. Let k be d(2). Let p(z) = z - 7. Let f be p(k). Calculate v(f).
-4
Suppose l - 4 = -3*l. Suppose 3 + l = 2*s - 3*r, 3*s = r - 1. Let f(o) = 3*o - 1. Give f(s).
-4
Let r(d) = d. Let z(i) = 5*i + 1. Let o(v) = 3*r(v) - z(v). Let y = -2 - -3. Let g be y/(-3 - (-2 + 0)). What is o(g)?
1
Let v(j) = -6*j - 5*j - 2*j. Calculate v(1).
-13
Let y(r) be the second derivative of -r**4/24 + r**3/2 + 2*r**2 - 3*r. Let k(w) be the first derivative of y(w). Let x be (-3 + 5)*5/2. Give k(x).
-2
Let c be (0/2 + (-24)/30)*5. Let u(d) = d**3 + 5*d**2 + 4*d - 1. Determine u(c).
-1
Suppose -b - 2*b - 18 = 0. Let u = 1 + b. Let w(k) = -k**2 - 5*k - 3. Let g be w(u). Let l(c) = -c**2 + 4. Calculate l(g).
-5
Let b(l) = -l**2 + l + 1. Suppose 3*d + 15 + 3 = 0. Let o(k) = 5*k**2 - 14*k - 9. Let h(c) = d*b(c) - o(c). Calculate h(-7).
-4
Let a(o) = -11*o - 2. Let w(p) be the third derivative of p**3/6 + 4*p**2. Let q(y) = a(y) + 2*w(y). Let x be ((-2)/(-4))/((-2)/4). What is q(x)?
11
Suppose 0 = 5*b - 3 - 17. Suppose -b*k = k + 30. Let l = k - -10. Let p(o) = -o**3 + 4*o**2 - o - 2. Give p(l).
-6
Let c(h) = -h**3 + 4 + 16 - 7*h**2 + 15*h**3 + 26*h. Let a(w) = 5*w**3 - 2*w**2 + 9*w + 7. Let k(n) = -11*a(n) + 4*c(n). Let l = 0 - -5. Calculate k(l).
3
Let z(d) = 4*d**2 - 3*d**2 - 6 + 2*d**2 + 4*d - 4*d**2. Let q(f) = 2*f**2 + f + 1. Let u be q(-1). Let v be (-3)/u*16/(-6). Give z(v).
-6
Let n(f) = -2*f - 3. Let p(k) = -k**2 + 1. Let d(c) = n(c) + 4*p(c). Calculate d(1).
-5
Let p(m) = m - 9. Let r be p(4). Let z(w) = 3*w**3 + 23*w**2 - 18*w + 23. Let x(q) = -q**3 - 8*q**2 + 6*q - 8. Let h(f) = 11*x(f) + 4*z(f). Give h(r).
9
Let n(y) = 3*y**2 + 4*y - 3. Let q be 9/(-6)*2*(-2)/3. Determine n(q).
17
Let p(m) = m - 2 + m**3 + 2 + 6*m**3 - 1. Calculate p(1).
7
Let p(q) be the third derivative of q**4/24 - 5*q**3/6 - 2*q**2. Let w = -1 - -3. Let r be (5/(-3 + w))/(-1). Give p(r).
0
Suppose -18 = -4*v - 14. Let u(l) = -14*l + 1. What is u(v)?
-13
Suppose 0 = 6*z - 3*z + 36. Let l be (-40)/z*(-12)/(-10). Let d(p) = -2*p - 3 + 3 - l. What is d(-5)?
6
Let k(o) = o**3 - 6*o**2 + 6*o - 5. Suppose 6*n - 9 = 21. What is k(n)?
0
Let d be 8/28 + 24/14. Let z(l) = -2*l**2 + 5. Let h(m) = m**2 - m - 1. Let x(r) = -3*h(r) - z(r). Give x(d).
0
Let b(z) = -z**2 - z + 1. Suppose -5*v = 5*m - 10, m - 3*m - 5*v - 2 = 0. Suppose -4 = 4*n + m. Let g(q) = q + 2. Let f be g(n). Gi